[INFO] cloning repository https://github.com/DerZwergGimli/SolanaWallet_BOT
[INFO] running `Command { std: "git" "-c" "credential.helper=" "-c" "credential.helper=/workspace/cargo-home/bin/git-credential-null" "clone" "--bare" "https://github.com/DerZwergGimli/SolanaWallet_BOT" "/workspace/cache/git-repos/https%3A%2F%2Fgithub.com%2FDerZwergGimli%2FSolanaWallet_BOT", kill_on_drop: false }`
[INFO] [stderr] Cloning into bare repository '/workspace/cache/git-repos/https%3A%2F%2Fgithub.com%2FDerZwergGimli%2FSolanaWallet_BOT'...
[INFO] running `Command { std: "git" "rev-parse" "HEAD", kill_on_drop: false }`
[INFO] [stdout] 584b008ee9ef4ff4a19fd47073bf426a10ff1292
[INFO] checking DerZwergGimli/SolanaWallet_BOT against master#9610dfe5a9a731ced1ea4923ecbd0c57fe367898 for beta-170-4
[INFO] running `Command { std: "git" "clone" "/workspace/cache/git-repos/https%3A%2F%2Fgithub.com%2FDerZwergGimli%2FSolanaWallet_BOT" "/workspace/builds/worker-2-tc1/source", kill_on_drop: false }`
[INFO] [stderr] Cloning into '/workspace/builds/worker-2-tc1/source'...
[INFO] [stderr] done.
[INFO] validating manifest of git repo https://github.com/DerZwergGimli/SolanaWallet_BOT on toolchain 9610dfe5a9a731ced1ea4923ecbd0c57fe367898
[INFO] running `Command { std: CARGO_HOME="/workspace/cargo-home" RUSTUP_HOME="/workspace/rustup-home" "/workspace/cargo-home/bin/cargo" "+9610dfe5a9a731ced1ea4923ecbd0c57fe367898" "metadata" "--manifest-path" "Cargo.toml" "--no-deps", kill_on_drop: false }`
[INFO] started tweaking git repo https://github.com/DerZwergGimli/SolanaWallet_BOT
[INFO] finished tweaking git repo https://github.com/DerZwergGimli/SolanaWallet_BOT
[INFO] tweaked toml for git repo https://github.com/DerZwergGimli/SolanaWallet_BOT written to /workspace/builds/worker-2-tc1/source/Cargo.toml
[INFO] crate git repo https://github.com/DerZwergGimli/SolanaWallet_BOT already has a lockfile, it will not be regenerated
[INFO] running `Command { std: CARGO_HOME="/workspace/cargo-home" RUSTUP_HOME="/workspace/rustup-home" "/workspace/cargo-home/bin/cargo" "+9610dfe5a9a731ced1ea4923ecbd0c57fe367898" "fetch" "--manifest-path" "Cargo.toml", kill_on_drop: false }`
[INFO] [stderr]     Updating crates.io index
[INFO] [stderr]  Downloading crates ...
[INFO] [stderr]   Downloaded async-tungstenite v0.11.0
[INFO] [stderr]   Downloaded uwl v0.6.0
[INFO] [stderr]   Downloaded command_attr v0.3.8
[INFO] [stderr]   Downloaded html_parser v0.6.2
[INFO] [stderr]   Downloaded serenity v0.10.10
[INFO] running `Command { std: "docker" "create" "-v" "/var/lib/crater-agent-workspace/builds/worker-2-tc1/target:/opt/rustwide/target:rw,Z" "-v" "/var/lib/crater-agent-workspace/builds/worker-2-tc1/source:/opt/rustwide/workdir:ro,Z" "-v" "/var/lib/crater-agent-workspace/cargo-home:/opt/rustwide/cargo-home:ro,Z" "-v" "/var/lib/crater-agent-workspace/rustup-home:/opt/rustwide/rustup-home:ro,Z" "-e" "SOURCE_DIR=/opt/rustwide/workdir" "-e" "CARGO_TARGET_DIR=/opt/rustwide/target" "-e" "CARGO_HOME=/opt/rustwide/cargo-home" "-e" "RUSTUP_HOME=/opt/rustwide/rustup-home" "-w" "/opt/rustwide/workdir" "-m" "1610612736" "--user" "0:0" "--network" "none" "ghcr.io/rust-lang/crates-build-env/linux@sha256:19e73879b68f455e41552ea35293514db52ea292d993f571636dbffedb77a1ee" "/opt/rustwide/cargo-home/bin/cargo" "+9610dfe5a9a731ced1ea4923ecbd0c57fe367898" "metadata" "--no-deps" "--format-version=1", kill_on_drop: false }`
[INFO] [stdout] 62c014a3315d34ead7a369d80bd4b5d81f6ffc29bb434958770135cbe425a150
[INFO] running `Command { std: "docker" "start" "-a" "62c014a3315d34ead7a369d80bd4b5d81f6ffc29bb434958770135cbe425a150", kill_on_drop: false }`
[INFO] running `Command { std: "docker" "inspect" "62c014a3315d34ead7a369d80bd4b5d81f6ffc29bb434958770135cbe425a150", kill_on_drop: false }`
[INFO] running `Command { std: "docker" "rm" "-f" "62c014a3315d34ead7a369d80bd4b5d81f6ffc29bb434958770135cbe425a150", kill_on_drop: false }`
[INFO] [stdout] 62c014a3315d34ead7a369d80bd4b5d81f6ffc29bb434958770135cbe425a150
[INFO] running `Command { std: "docker" "create" "-v" "/var/lib/crater-agent-workspace/builds/worker-2-tc1/target:/opt/rustwide/target:rw,Z" "-v" "/var/lib/crater-agent-workspace/builds/worker-2-tc1/source:/opt/rustwide/workdir:ro,Z" "-v" "/var/lib/crater-agent-workspace/cargo-home:/opt/rustwide/cargo-home:ro,Z" "-v" "/var/lib/crater-agent-workspace/rustup-home:/opt/rustwide/rustup-home:ro,Z" "-e" "SOURCE_DIR=/opt/rustwide/workdir" "-e" "CARGO_TARGET_DIR=/opt/rustwide/target" "-e" "CARGO_INCREMENTAL=0" "-e" "RUST_BACKTRACE=full" "-e" "RUSTFLAGS=--cap-lints=forbid" "-e" "RUSTDOCFLAGS=--cap-lints=forbid" "-e" "CARGO_HOME=/opt/rustwide/cargo-home" "-e" "RUSTUP_HOME=/opt/rustwide/rustup-home" "-w" "/opt/rustwide/workdir" "-m" "1610612736" "--user" "0:0" "--network" "none" "ghcr.io/rust-lang/crates-build-env/linux@sha256:19e73879b68f455e41552ea35293514db52ea292d993f571636dbffedb77a1ee" "/opt/rustwide/cargo-home/bin/cargo" "+9610dfe5a9a731ced1ea4923ecbd0c57fe367898" "check" "--frozen" "--all" "--all-targets" "--message-format=json", kill_on_drop: false }`
[INFO] [stdout] da0fa80b77693ca789523b5d1575ecda239140129b6d2297eaa34d15fdc1b619
[INFO] running `Command { std: "docker" "start" "-a" "da0fa80b77693ca789523b5d1575ecda239140129b6d2297eaa34d15fdc1b619", kill_on_drop: false }`
[INFO] [stderr]    Compiling libc v0.2.121
[INFO] [stderr]    Compiling proc-macro2 v1.0.37
[INFO] [stderr]    Compiling autocfg v1.1.0
[INFO] [stderr]    Compiling syn v1.0.91
[INFO] [stderr]    Compiling cc v1.0.73
[INFO] [stderr]     Checking once_cell v1.10.0
[INFO] [stderr]    Compiling version_check v0.9.4
[INFO] [stderr]    Compiling log v0.4.16
[INFO] [stderr]     Checking pin-project-lite v0.2.8
[INFO] [stderr]    Compiling parking_lot_core v0.9.2
[INFO] [stderr]     Checking smallvec v1.8.0
[INFO] [stderr]     Checking untrusted v0.7.1
[INFO] [stderr]     Checking itoa v1.0.1
[INFO] [stderr]    Compiling futures-core v0.3.21
[INFO] [stderr]    Compiling serde_derive v1.0.136
[INFO] [stderr]     Checking futures-sink v0.3.21
[INFO] [stderr]     Checking tracing-core v0.1.24
[INFO] [stderr]    Compiling serde v1.0.136
[INFO] [stderr]    Compiling futures-task v0.3.21
[INFO] [stderr]    Compiling futures-channel v0.3.21
[INFO] [stderr]    Compiling pkg-config v0.3.25
[INFO] [stderr]    Compiling futures-util v0.3.21
[INFO] [stderr]     Checking http v0.2.6
[INFO] [stderr]    Compiling typenum v1.15.0
[INFO] [stderr]     Checking slab v0.4.6
[INFO] [stderr]    Compiling httparse v1.6.0
[INFO] [stderr]     Checking bitflags v1.3.2
[INFO] [stderr]     Checking futures-io v0.3.21
[INFO] [stderr]    Compiling lock_api v0.4.7
[INFO] [stderr]    Compiling indexmap v1.8.1
[INFO] [stderr]    Compiling unicase v2.6.0
[INFO] [stderr]    Compiling generic-array v0.14.5
[INFO] [stderr]    Compiling getrandom v0.1.16
[INFO] [stderr]     Checking tinyvec v1.5.1
[INFO] [stderr]    Compiling openssl v0.10.38
[INFO] [stderr]     Checking foreign-types-shared v0.1.1
[INFO] [stderr]     Checking hashbrown v0.11.2
[INFO] [stderr]     Checking foreign-types v0.3.2
[INFO] [stderr]    Compiling num-traits v0.2.14
[INFO] [stderr]    Compiling proc-macro-error-attr v1.0.4
[INFO] [stderr]     Checking base64 v0.13.0
[INFO] [stderr]    Compiling rustls v0.20.4
[INFO] [stderr]     Checking try-lock v0.2.3
[INFO] [stderr]    Compiling serde_json v1.0.79
[INFO] [stderr]     Checking unicode-bidi v0.3.7
[INFO] [stderr]    Compiling quote v1.0.17
[INFO] [stderr]    Compiling native-tls v0.2.10
[INFO] [stderr]     Checking ryu v1.0.9
[INFO] [stderr]     Checking want v0.3.0
[INFO] [stderr]    Compiling num-integer v0.1.44
[INFO] [stderr]     Checking signal-hook-registry v1.4.0
[INFO] [stderr]     Checking mio v0.8.2
[INFO] [stderr]     Checking num_cpus v1.13.1
[INFO] [stderr]     Checking socket2 v0.4.4
[INFO] [stderr]     Checking unicode-normalization v0.1.19
[INFO] [stderr]    Compiling proc-macro-error v1.0.4
[INFO] [stderr]     Checking tower-service v0.3.1
[INFO] [stderr]     Checking parking_lot v0.12.0
[INFO] [stderr]     Checking httpdate v1.0.2
[INFO] [stderr]    Compiling ring v0.16.20
[INFO] [stderr]    Compiling openssl-sys v0.9.72
[INFO] [stderr]     Checking rand_core v0.5.1
[INFO] [stderr]     Checking openssl-probe v0.1.5
[INFO] [stderr]     Checking regex-syntax v0.6.25
[INFO] [stderr]    Compiling ucd-trie v0.1.3
[INFO] [stderr]     Checking rand_chacha v0.2.2
[INFO] [stderr]    Compiling mime_guess v2.0.4
[INFO] [stderr]     Checking atty v0.2.14
[INFO] [stderr]    Compiling miniz_oxide v0.4.4
[INFO] [stderr]    Compiling encoding_rs v0.8.31
[INFO] [stderr]    Compiling pest v2.1.3
[INFO] [stderr]     Checking cpufeatures v0.2.2
[INFO] [stderr]    Compiling crc32fast v1.3.2
[INFO] [stderr]     Checking unicode-width v0.1.9
[INFO] [stderr]     Checking ansi_term v0.12.1
[INFO] [stderr]    Compiling unicode-segmentation v1.9.0
[INFO] [stderr]     Checking opaque-debug v0.3.0
[INFO] [stderr]     Checking bytes v0.5.6
[INFO] [stderr]     Checking textwrap v0.11.0
[INFO] [stderr]     Checking rand v0.7.3
[INFO] [stderr]     Checking aho-corasick v0.7.18
[INFO] [stderr]     Checking utf-8 v0.7.6
[INFO] [stderr]     Checking http-body v0.4.4
[INFO] [stderr]     Checking idna v0.2.3
[INFO] [stderr]     Checking block-buffer v0.9.0
[INFO] [stderr]     Checking digest v0.9.0
[INFO] [stderr]    Compiling heck v0.3.3
[INFO] [stderr]     Checking byteorder v1.4.3
[INFO] [stderr]     Checking input_buffer v0.3.1
[INFO] [stderr]     Checking sha-1 v0.9.8
[INFO] [stderr]     Checking adler v1.0.2
[INFO] [stderr]    Compiling async-trait v0.1.53
[INFO] [stderr]    Compiling pest_meta v2.1.3
[INFO] [stderr]     Checking mime v0.3.16
[INFO] [stderr]     Checking strsim v0.8.0
[INFO] [stderr]     Checking rustls-pemfile v0.3.0
[INFO] [stderr]     Checking clap v2.34.0
[INFO] [stderr]     Checking ipnet v2.4.0
[INFO] [stderr]     Checking url v2.2.2
[INFO] [stderr]    Compiling serenity v0.10.10
[INFO] [stderr]     Checking tracing-log v0.1.2
[INFO] [stderr]     Checking thread_local v1.1.4
[INFO] [stderr]     Checking sharded-slab v0.1.4
[INFO] [stderr]     Checking typemap_rev v0.1.5
[INFO] [stderr]     Checking uwl v0.6.0
[INFO] [stderr]     Checking flate2 v1.0.22
[INFO] [stderr]     Checking termcolor v1.1.3
[INFO] [stderr]     Checking humantime v2.1.0
[INFO] [stderr]     Checking json v0.12.4
[INFO] [stderr]     Checking tungstenite v0.11.1
[INFO] [stderr]     Checking regex v1.5.5
[INFO] [stderr]     Checking regex-automata v0.1.10
[INFO] [stderr]     Checking futures v0.3.21
[INFO] [stderr]     Checking matchers v0.0.1
[INFO] [stderr]     Checking env_logger v0.9.0
[INFO] [stderr]     Checking webpki v0.22.0
[INFO] [stderr]     Checking sct v0.7.0
[INFO] [stderr]     Checking webpki v0.21.4
[INFO] [stderr]     Checking sct v0.6.1
[INFO] [stderr]     Checking webpki-roots v0.22.3
[INFO] [stderr]     Checking rustls v0.19.1
[INFO] [stderr]     Checking webpki-roots v0.20.0
[INFO] [stderr]    Compiling pest_generator v2.1.3
[INFO] [stderr]    Compiling tokio-macros v1.7.0
[INFO] [stderr]    Compiling tracing-attributes v0.1.20
[INFO] [stderr]    Compiling pin-project-internal v1.0.10
[INFO] [stderr]    Compiling structopt-derive v0.4.18
[INFO] [stderr]    Compiling thiserror-impl v1.0.30
[INFO] [stderr]    Compiling command_attr v0.3.8
[INFO] [stderr]    Compiling pest_derive v2.1.0
[INFO] [stderr]     Checking tokio v1.17.0
[INFO] [stderr]     Checking thiserror v1.0.30
[INFO] [stderr]     Checking structopt v0.3.26
[INFO] [stderr]     Checking tracing v0.1.32
[INFO] [stderr]     Checking pin-project v1.0.10
[INFO] [stderr]     Checking tokio-util v0.7.1
[INFO] [stderr]     Checking tokio-rustls v0.23.3
[INFO] [stderr]     Checking tokio-native-tls v0.3.0
[INFO] [stderr]     Checking tokio-util v0.6.9
[INFO] [stderr]     Checking tokio-rustls v0.22.0
[INFO] [stderr]     Checking async-tungstenite v0.11.0
[INFO] [stderr]     Checking h2 v0.3.13
[INFO] [stderr]     Checking serde_urlencoded v0.7.1
[INFO] [stderr]     Checking chrono v0.4.19
[INFO] [stderr]     Checking tracing-serde v0.1.3
[INFO] [stderr]     Checking toml v0.5.8
[INFO] [stderr]     Checking html_parser v0.6.2
[INFO] [stderr]     Checking tracing-subscriber v0.2.25
[INFO] [stderr]     Checking hyper v0.14.18
[INFO] [stderr]     Checking hyper-tls v0.5.0
[INFO] [stderr]     Checking hyper-rustls v0.23.0
[INFO] [stderr]     Checking reqwest v0.11.10
[INFO] [stderr]     Checking sol_status_bot v0.1.0 (/opt/rustwide/workdir)
[INFO] [stdout] error[E0432]: unresolved import `solanabeach`
[INFO] [stdout]   --> src/main.rs:18:5
[INFO] [stdout]    |
[INFO] [stdout] 18 | use solanabeach::*;
[INFO] [stdout]    |     ^^^^^^^^^^^ use of undeclared crate or module `solanabeach`
[INFO] [stdout] 
[INFO] [stdout] 
[INFO] [stdout] error[E0432]: unresolved import `solanabeach`
[INFO] [stdout]   --> src/main.rs:18:5
[INFO] [stdout]    |
[INFO] [stdout] 18 | use solanabeach::*;
[INFO] [stdout]    |     ^^^^^^^^^^^ use of undeclared crate or module `solanabeach`
[INFO] [stdout] 
[INFO] [stdout] 
[INFO] [stdout] error[E0433]: failed to resolve: use of undeclared crate or module `solana_beach_api`
[INFO] [stdout]   --> src/main.rs:64:38
[INFO] [stdout]    |
[INFO] [stdout] 64 |                         let blocks = solana_beach_api::latest_blocks(50).await.unwrap();
[INFO] [stdout]    |                                      ^^^^^^^^^^^^^^^^ use of undeclared crate or module `solana_beach_api`
[INFO] [stdout] 
[INFO] [stdout] 
[INFO] [stdout] error[E0433]: failed to resolve: use of undeclared crate or module `solana_beach_api`
[INFO] [stdout]   --> src/main.rs:64:38
[INFO] [stdout]    |
[INFO] [stdout] 64 |                         let blocks = solana_beach_api::latest_blocks(50).await.unwrap();
[INFO] [stdout]    |                                      ^^^^^^^^^^^^^^^^ use of undeclared crate or module `solana_beach_api`
[INFO] [stdout] 
[INFO] [stdout] 
[INFO] [stdout] error: aborting due to 2 previous errors
[INFO] [stdout] 
[INFO] [stdout] 
[INFO] [stdout] error: aborting due to 2 previous errors
[INFO] [stdout] 
[INFO] [stdout] 
[INFO] [stdout] Some errors have detailed explanations: E0432, E0433.
[INFO] [stdout] 
[INFO] [stdout] Some errors have detailed explanations: E0432, E0433.
[INFO] [stdout] 
[INFO] [stdout] For more information about an error, try `rustc --explain E0432`.
[INFO] [stdout] 
[INFO] [stdout] For more information about an error, try `rustc --explain E0432`.
[INFO] [stdout] 
[INFO] [stderr] error: could not compile `sol_status_bot` (bin "sol_status_bot") due to 3 previous errors
[INFO] [stderr] warning: build failed, waiting for other jobs to finish...
[INFO] [stderr] error: could not compile `sol_status_bot` (bin "sol_status_bot" test) due to 3 previous errors
[INFO] running `Command { std: "docker" "inspect" "da0fa80b77693ca789523b5d1575ecda239140129b6d2297eaa34d15fdc1b619", kill_on_drop: false }`
[INFO] running `Command { std: "docker" "rm" "-f" "da0fa80b77693ca789523b5d1575ecda239140129b6d2297eaa34d15fdc1b619", kill_on_drop: false }`
[INFO] [stdout] da0fa80b77693ca789523b5d1575ecda239140129b6d2297eaa34d15fdc1b619
